tor of r and s.
8
Suppose -2*l - 3*l = -60. Let i be 286/l + 3/18. What is the highest common divisor of i and 6?
6
Let f be (105/10)/(3/8). Suppose -2*h + f = 6. Calculate the greatest common factor of 44 and h.
11
Let w(m) be the third derivative of 0 + 0*m**4 + 2*m**2 + 0*m + 4/5*m**5 + 0*m**3. Let p be w(-1). Calculate the greatest common divisor of p and 6.
6
Let r(q) = 6*q + 21. Let b be r(14). Let l(m) = 4*m**2 - 1. Let n be l(2). Calculate the highest common divisor of n and b.
15
Let m = 11 + -1. Let p be 76/m - (-6)/(-10). Calculate the highest common divisor of 56 and p.
7
Let v(y) = -y**3 + 4*y**2 + 4*y - 3. Let g be v(4). Let k = 27 - g. Calculate the greatest common divisor of k and 21.
7
Let r = 14 - 11. Let c be ((-6)/(-3) - -13)/1. Calculate the greatest common factor of r and c.
3
Suppose -12 = 2*u + 2*k - 36, -5*u - k + 40 = 0. What is the greatest common divisor of 56 and u?
7
Suppose 10*o = 3*o + 28. Calculate the greatest common factor of 10 and o.
2
Let k(r) = -r**2 + 7*r - 3. Let j be k(4). Let a = -5 - -14. Calculate the highest common divisor of j and a.
9
Let n(l) = -l**3 - 15*l**2 + l + 15. Let b be n(-15). Suppose 0 = -5*k + 3*i + 173, 2*k + 4*i + i - 63 = b. What is the greatest common factor of k and 51?
17
Let w = -3 - -7. Let o be (2/w)/((-1)/(-28)). What is the highest common divisor of o and 28?
14
Let p be (-277)/(-5) - (-14)/(-35). What is the greatest common divisor of 22 and p?
11
Let u = 14 + -6. What is the greatest common factor of 88 and u?
8
Let x(n) = n**3 + 9*n**2 - 4*n + 3. Let m be x(-9). Calculate the highest common divisor of 104 and m.
13
Let u be -12*(-5)/((-15)/(-18)). Calculate the highest common factor of u and 48.
24
Suppose r - 10 = -4*r. What is the highest common factor of 4 and r?
2
Suppose 3*r + 0 = -6, 3*b = -2*r + 206. Calculate the greatest common divisor of 28 and b.
14
Let a(v) = v**3 + 2*v**2 - 3*v + 2. Let q be a(-3). Suppose i + 2*i = 0. Let p = q - i. Calculate the greatest common divisor of p and 16.
2
Let r(k) = k**2 - 10*k + 12. Let a be r(7). Let j be (-11 - a) + (-82)/(-2). Calculate the highest common divisor of 13 and j.
13
Let x = -254 - -492. Let u = x + -89. Suppose -11 = -5*t + u. Calculate the highest common divisor of 48 and t.
16
Let s = -92 + 167. Calculate the greatest common divisor of 15 and s.
15
Let c(n) = 3*n + 0*n - 5*n + 1 + n - n**2. Let d be c(0). Let s be (-4)/2 - d*-32. Calculate the greatest common divisor of s and 15.
15
Suppose 5*f - 5 - 20 = 0, 2*m = 4*f - 12. Suppose -s = s - 3*o - 41, -m*s + 85 = -3*o. What is the highest common factor of s and 33?
11
Suppose -h = -3*k - 5 + 98, -4*h + 4*k = 332. Let i be (-1)/(-5) + h/(-10). What is the highest common factor of i and 20?
4
Let n = 5 - 3. Let q = n - 4. Let a be q + 39 + 2 - -1. What is the highest common divisor of 10 and a?
10
Let x be 3*((-12)/9)/(-2). Suppose x*r = 4 + 4. Calculate the highest common divisor of r and 6.
2
Let h = 18 + -3. Calculate the highest common factor of 75 and h.
15
Suppose 0 = 3*m - m - 40. Suppose 0 = 4*a - 4*f - 60, -f = -5*a + 3*f + 80. Calculate the greatest common divisor of a and m.
20
Suppose 2*p = h - 9, 2*p + 1 = -h - 2. Let l = p - -11. Let x be (-21 + -1)/((-1)/l). Calculate the highest common factor of x and 16.
16
Suppose -2*u + 18 = -26. Suppose -30 = -3*d + 3*l, -3*d - 2*l + u + 18 = 0. Let a = -6 + d. Calculate the highest common factor of a and 6.
6
Let r = -16 + 26. Let z = 14 - r. Suppose -z*y - j = -2*j - 181, 5*y - 230 = 5*j. What is the highest common factor of 30 and y?
15
Let w = 182 + -98. Suppose -2*i + 75 = -3*j + 21, 92 = 4*i - 2*j. What is the greatest common factor of i and w?
21
Suppose 0 = -h - 3*h + 92. Calculate the greatest common divisor of h and 115.
23
Let d(t) = t**3 - 5*t**2 - 4*t - 5. Let c be d(6). Let f be (21/(-5))/((-1)/5). What is the highest common divisor of f and c?
7
Suppose -4 + 79 = 5*w. What is the greatest common divisor of 165 and w?
15
Let k = 219 + -48. What is the highest common factor of 114 and k?
57
Let m(x) = x**3 - 2*x**2 + 4*x - 5. Let r be m(3). Calculate the highest common factor of 32 and r.
16
Suppose -l = -46 + 11. Suppose -2*h = 3*h - l. What is the highest common factor of h and 77?
7
Let j = -542 - -382. Let p = -112 - j. Calculate the greatest common divisor of p and 6.
6
Suppose f - 324 = -86. Suppose f = -3*j + 40. Let c = 156 + j. Calculate the highest common divisor of c and 10.
10
Let z(s) = 6*s**2 - 6*s + 3. Let x be z(2). What is the highest common factor of 75 and x?
15
Let t = 67 - 57. What is the highest common divisor of t and 10?
10
Suppose 3*o - a + 3*a - 64 = 0, 0 = -o - 5*a + 30. Let n be 1/3 + o/12. Let w be ((-3)/n)/((-6)/16). Calculate the highest common factor of w and 8.
4
Let b = 175 + -98. Let r = b + -44. Calculate the greatest common factor of r and 11.
11
Let d(w) = -3*w - 9*w - 7*w + 1. Let y be d(-5). What is the highest common divisor of 12 and y?
12
Suppose 0 = 3*y + 5*o - 4 + 3, -3*o = 4*y - 16. Let g(t) = t**3 - 7*t**2 + t + 4. Let d be g(y). Calculate the greatest common factor of 11 and d.
11
Suppose -3*v + 8*v = 3*q - 12, q + 5*v = 24. Suppose 11*g = q*g + 24. Calculate the highest common divisor of 6 and g.
6
Let j(g) = g**3 + 4*g**2 - 5*g. Let b be j(-5). Suppose 240 = 4*l - b. Calculate the highest common divisor of 20 and l.
20
Let v(s) = s**2 - 10*s + 8. Let x be v(10). Let g be 63/4 - (-4)/16. What is the greatest common factor of g and x?
8
Let b be -3*309/(-6) + (-1)/2. What is the greatest common divisor of 14 and b?
14
Suppose 0 = j + 3*s - 11, j - 6 = -j + 2*s. Calculate the greatest common factor of j and 20.
5
Let b = 7 - 7. Let a be b - (2 + 0)*-3. Suppose a*q - 120 = 2*q. Calculate the greatest common factor of q and 75.
15
Let m be (-11)/((6/18)/(2/(-6))). What is the greatest common divisor of m and 33?
11
Let d = 7 + 4. Let p(j) = 15*j**2 - 3*j + 1. Let n be p(2). Calculate the highest common divisor of n and d.
11
Suppose -5*t = -2*m + 10 + 44, 2*m + 5*t - 74 = 0. Calculate the greatest common divisor of m and 80.
16
Suppose 2*o - 12 = 7*s - 2*s, 0 = -2*o - 2*s + 12. What is the highest common divisor of o and 24?
6
Suppose 6*k = 11*k - 400. Calculate the greatest common factor of k and 32.
16
Let j = 26 + -24. Let f(i) = 30*i**2 - 3*i + 1. Let b be f(j). What is the greatest common divisor of 46 and b?
23
Let t(j) = -6*j + 64. Let d be t(10). Calculate the greatest common divisor of 10 and d.
2
Suppose -5*f + a + 12 = -3, -5*f + 20 = -2*a. Suppose -4*z = 5*n - 81, -f*z + 3*n = -18 - 39. What is the greatest common divisor of z and 216?
24
Suppose 5*y - 17 = -2*x, -2*x + 2*y + 26 = -2*y. What is the highest common factor of x and 11?
11
Suppose 3*n = -2*x + 213, 2*n = 6*n - 5*x - 261. Calculate the highest common factor of 69 and n.
69
Let b(x) = 204*x**2 + 3*x + 2. Let j be b(-1). Suppose -7*v + j = -105. Calculate the highest common divisor of 4 and v.
4
Let c be (-1 + 0)*-1 - -13. Let r be 500/c - 4/(-14). Calculate the highest common factor of 54 and r.
18
Let c be 1/((-1)/(-9)*-3). Let v(p) = p**2 - 3*p + 1. Let m be v(c). What is the greatest common divisor of m and 133?
19
Let n = 16 + -12. Calculate the greatest common divisor of n and 6.
2
Let k be (7/(-2))/(3/(-12)). What is the greatest common factor of 112 and k?
14
Let q be 10/(-45) - (-272)/9. Let m be 5/(q/4)*9. What is the highest common divisor of m and 24?
6
Suppose 3*s + 2*s - 100 = 0. What is the greatest common divisor of 80 and s?
20
Let m be 35 - (3 - (-2 - -4)). Let d = m + -14. What is the highest common divisor of d and 4?
4
Suppose 1 = -4*w - 5*f - 12, 2*w + 5*f + 19 = 0. Suppose -z = w*z - 252. Calculate the highest common divisor of z and 9.
9
Suppose -g + 21 = -3. What is the highest common divisor of 264 and g?
24
Let o = -10 + 18. What is the greatest common factor of 56 and o?
8
Let v = 10 + -6. Let l = -1 - -1. Suppose 48 = v*n - l*b - b, -3*n + 19 = -5*b. What is the highest common factor of 13 and n?
13
Suppose 5*t + 4 = -1. Let x = t + 17. Calculate the greatest common divisor of x and 48.
16
Let s = 98 - 49. What is the greatest common divisor of 7 and s?
7
Let v(l) = l**2 + 6*l - 3. Let f be v(-7). What is the greatest common divisor of f and 12?
